
1822
What is the remainder when 5297467 is divided by 1059489?
22
What is the remainder when 95440 is divided by 8400?
3040
What is the remainder when 1331471 is divided by 78?
11
Calculate the remainder when 4518915 is divided by 301234.
405
Calculate the remainder when 98748 is divided by 98622.
126
Calculate the remainder when 2188528 is divided by 12.
4
What is the remainder when 82678 is divided by 911?
688
Calculate the remainder when 3843 is divided by 1791.
261
What is the remainder when 3882213 is divided by 88?
5
Calculate the remainder when 653078 is divided by 43534.
68
Calculate the remainder when 32231918 is divided by 555722.
42
What is the remainder when 456830 is divided by 48?
14
Calculate the remainder when 1073554 is divided by 7684.
5478
Calculate the remainder when 534369 is divided by 142.
23
Calculate the remainder when 43871726 is divided by 54.
20
What is the remainder when 582249 is divided by 18771?
348
Calculate the remainder when 47451 is divided by 462.
327
What is the remainder when 24731 is divided by 1812?
1175
What is the remainder when 10973984 is divided by 24?
8
Calculate the remainder when 82370 is divided by 3050.
20
What is the remainder when 1106000189 is divided by 47?
43
Calculate the remainder when 23816471 is divided by 2908.
2859
Calculate the remainder when 662384 is divided by 2123.
8
Calculate the remainder when 22605 is divided by 3962.
2795
What is the remainder when 24120765 is divided by 3144?
3141
Calculate the remainder when 3317933 is divided by 138.
137
Calculate the remainder when 64563 is divided by 10211.
3297
Calculate the remainder when 2735663 is divided by 368.
319
What is the remainder when 222528 is divided by 4274?
280
What is the remainder when 67435 is divided by 1872?
43
Calculate the remainder when 883110 is divided by 364.
46
Calculate the remainder when 243606 is divided by 6143.
4029
Calculate the remainder when 395394 is divided by 13634.
8
Calculate the remainder when 79434652 is divided by 26478215.
7
What is the remainder when 820532 is divided by 764?
760
Calculate the remainder when 43632 is divided by 2236.
1148
What is the remainder when 327778 is divided by 330?
88
Calculate the remainder when 142175 is divided by 23694.
11
Calculate the remainder when 25337 is divided by 80.
57
Calculate the remainder when 585979 is divided by 292904.
171
Calculate the remainder when 5672253 is divided by 372.
369
What is the remainder when 972892 is divided by 11?
8
Calculate the remainder when 68996 is divided by 4602.
4568
Calculate the remainder when 251305 is divided by 515.
500
What is the remainder when 18181040 is divided by 304?
16
Calculate the remainder when 31156845 is divided by 217.
202
What is the remainder when 1531835 is divided by 6900?
35
Calculate the remainder when 448061901 is divided by 9.
6
What is the remainder when 2742227 is divided by 457036?
11
Calculate the remainder when 223414 is divided by 74429.
127
Calculate the remainder when 43084814 is divided by 1980.
14
What is the remainder when 86430 is divided by 4597?
3684
What is the remainder when 538854 is divided by 6061?
5486
Calculate the remainder when 145699 is divided by 29139.
4
Calculate the remainder when 2720782 is divided by 43883.
36
What is the remainder when 37449950 is divided by 196073?
7
Calculate the remainder when 9225941 is divided by 23.
20
What is the remainder when 73366710 is divided by 6?
0
Calculate the remainder when 1846879 is divided by 211.
207
Calculate the remainder when 113146664 is divided by 213.
212
Calculate the remainder when 99418 is divided by 7.
4
What is the remainder when 276258 is divided by 5525?
8
What is the remainder when 99585658 is divided by 128?
122
Calculate the remainder when 103952 is divided by 1040.
992
What is the remainder when 204083 is divided by 6377?
19
Calculate the remainder when 18050055 is divided by 22284.
15
What is the remainder when 948443 is divided by 803?
100
What is the remainder when 1171337 is divided by 4902?
4661
What is the remainder when 45628361 is divided by 15209451?
8
What is the remainder when 7060160 is divided by 6888?
6848
What is the remainder when 1762619 is divided by 4869?
41
Calculate the remainder when 4347669 is divided by 51.
21
Calculate the remainder when 9849832 is divided by 34.
32
What is the remainder when 101939 is divided by 19696?
3459
What is the remainder when 27964099 is divided by 3318?
3313
Calculate the remainder when 13404083 is divided by 7642.
15
Calculate the remainder when 6071927 is divided by 2562.
2549
Calculate the remainder when 438648 is divided by 110.
78
What is the remainder when 1770707 is divided by 5348?
519
What is the remainder when 207449 is divided by 18858?
11
What is the remainder when 1022998 is divided by 983?
678
What is the remainder when 108240 is divided by 92?
48
What is the remainder when 77942542 is divided by 77942512?
30
What is the remainder when 996456 is divided by 8664?
96
Calculate the remainder when 32363668 is divided by 10787887.
7
Calculate the remainder when 16445492 is divided by 17.
15
Calculate the remainder when 52493 is divided by 2249.
766
Calculate the remainder when 51147 is divided by 749.
215
What is the remainder when 469692 is divided by 2195?
2157
What is the remainder when 1108698 is divided by 314?
278
What is the remainder when 681242 is divided by 716?
326
What is the remainder when 42644801 is divided by 14?
3
Calculate the remainder when 2435977 is divided by 608989.
21
Calculate the remainder when 3146749 is divided by 29407.
200
What is the remainder when 1686166 is divided by 7484?
2266
Calculate the remainder when 175136 is divided by 87344.
448
Calculate the remainder when 602492 is divided by 4599.
23
What is the remainder when 6338505 is divided by 399?
390
What is the remainder when 1216062 is divided by 121602?
42
Calculate the remainder when 4816781 is divided by 2297.
2269
What is the remainder when 49439 is divided by 888?
599
Calculate the remainder when 261486 is divided by 269.
18
Calculate the remainder when 25712018 is divided by 140.
38
Calculate the remainder when 28488 is divided by 5254.
2218
What is the remainder when 713648942 is divided by 699?
698
Calculate the remainder when 3704915 is divided by 22053.
11
What is the remainder when 401846 is divided by 2788?
374
Calculate the remainder when 65636016 is divided by 17865.
6
What is the remainder when 46594723 is divided by 994?
973
Calculate the remainder when 560437 is divided by 9185.
152
Calculate the remainder when 135691467 is divided by 33922866.
3
What is the remainder when 715680 is divided by 17?
14
What is the remainder when 39098210 is divided by 15090?
20
What is the remainder when 4493745 is divided by 4467?
4410
What is the remainder when 11624608 is divided by 696?
16
Calculate the remainder when 555616 is divided by 5612.
28
What is the remainder when 16867740 is divided by 8433866?
8
What is the remainder when 12412342 is divided by 53?
7
What is the remainder when 42582598 is divided by 45?
43
What is the remainder when 856535 is divided by 214129?
19
What is the remainder when 23277370 is divided by 1425?
1420
What is the remainder when 5518540 is divided by 652?
12
Calculate the remainder when 581915 is divided by 857.
12
What is the remainder when 38540 is divided by 421?
229
What is the remainder when 3454 is divided by 20?
14
Calculate the remainder when 35015683 is divided by 21482.
23
Calculate the remainder when 1585870 is divided by 2981.
2959
What is the remainder when 1850785 is divided by 102?
97
What is the remainder when 63220574 is divided by 88?
54
What is the remainder when 103200 is divided by 20604?
180
What is the remainder when 27210 is divided by 13561?
88
Calculate the remainder when 3986410 is divided by 3986395.
15
Calculate the remainder when 3704539 is divided by 24.
19
Calculate the remainder when 806007 is divided by 4428.
111
Calculate the remainder when 2801531 is divided by 199.
9
What is the remainder when 152961 is divided by 38224?
65
What is the remainder when 17893216 is divided by 966?
964
Calculate the remainder when 6181711 is divided by 386355.
31
Calculate the remainder when 739448 is d